n 36215 is divided by 7241?
10
What is the remainder when 1660 is divided by 408?
28
What is the remainder when 87729 is divided by 2506?
19
What is the remainder when 55005 is divided by 62?
11
Calculate the remainder when 34915 is divided by 12.
7
What is the remainder when 7294 is divided by 2456?
2382
Calculate the remainder when 1214 is divided by 23.
18
What is the remainder when 24423 is divided by 2218?
25
Calculate the remainder when 40408 is divided by 359.
200
Calculate the remainder when 14937 is divided by 3725.
37
What is the remainder when 208223 is divided by 52054?
7
Calculate the remainder when 56195 is divided by 1.
0
What is the remainder when 1039 is divided by 10?
9
Calculate the remainder when 108746 is divided by 31.
29
Calculate the remainder when 1041 is divided by 208.
1
Calculate the remainder when 863 is divided by 102.
47
Calculate the remainder when 25389 is divided by 5074.
19
Calculate the remainder when 2131 is divided by 89.
84
Calculate the remainder when 3171 is divided by 454.
447
Calculate the remainder when 43183 is divided by 118.
113
What is the remainder when 4879 is divided by 2164?
551
Calculate the remainder when 1119 is divided by 86.
1
Calculate the remainder when 3628 is divided by 19.
18
Calculate the remainder when 944 is divided by 924.
20
What is the remainder when 23522 is divided by 224?
2
What is the remainder when 4150 is divided by 69?
10
What is the remainder when 9351 is divided by 851?
841
What is the remainder when 11104 is divided by 76?
8
What is the remainder when 448593 is divided by 224295?
3
What is the remainder when 18478 is divided by 1045?
713
What is the remainder when 1743 is divided by 143?
27
Calculate the remainder when 248084 is divided by 62004.
68
Calculate the remainder when 10219 is divided by 275.
44
What is the remainder when 406 is divided by 142?
122
What is the remainder when 18491 is divided by 276?
275
What is the remainder when 437706 is divided by 13678?
10
Calculate the remainder when 828 is divided by 54.
18
What is the remainder when 1532274 is divided by 66620?
14
What is the remainder when 4134 is divided by 28?
18
What is the remainder when 832 is divided by 430?
402
What is the remainder when 28924 is divided by 519?
379
Calculate the remainder when 161476 is divided by 734.
730
What is the remainder when 793 is divided by 73?
63
Calculate the remainder when 7183 is divided by 397.
37
Calculate the remainder when 7642 is divided by 125.
17
Calculate the remainder when 223458 is divided by 21.
18
What is the remainder when 6995 is divided by 139?
45
Calculate the remainder when 25604 is divided by 60.
44
What is the remainder when 6055 is divided by 1474?
159
What is the remainder when 227028 is divided by 7?
4
What is the remainder when 6533 is divided by 142?
1
What is the remainder when 127584 is divided by 148?
8
Calculate the remainder when 28456 is divided by 551.
355
What is the remainder when 1974 is divided by 225?
174
What is the remainder when 66042 is divided by 32988?
66
What is the remainder when 99125 is divided by 78?
65
What is the remainder when 53183 is divided by 5909?
2
What is the remainder when 608722 is divided by 202897?
31
What is the remainder when 178 is divided by 41?
14
What is the remainder when 5284 is divided by 147?
139
What is the remainder when 87563 is divided by 182?
21
Calculate the remainder when 20893 is divided by 95.
88
Calculate the remainder when 248288 is divided by 108.
104
What is the remainder when 59612 is divided by 6?
2
Calculate the remainder when 430076 is divided by 143358.
2
What is the remainder when 1195232 is divided by 102?
98
What is the remainder when 1941 is divided by 248?
205
Calculate the remainder when 640457 is divided by 155.
152
Calculate the remainder when 234319 is divided by 283.
278
Calculate the remainder when 28933 is divided by 69.
22
Calculate the remainder when 38697 is divided by 984.
321
Calculate the remainder when 2440010 is divided by 19.
11
What is the remainder when 2742 is divided by 601?
338
Calculate the remainder when 469919 is divided by 528.
527
What is the remainder when 686155 is divided by 13723?
5
What is the remainder when 2239071 is divided by 23?
21
Calculate the remainder when 9449 is divided by 732.
665
Calculate the remainder when 30678 is divided by 85.
78
What is the remainder when 33432 is divided by 786?
420
What is the remainder when 40796 is divided by 23?
17
Calculate the remainder when 9912 is divided by 174.
168
What is the remainder when 629019 is divided by 314506?
7
Calculate the remainder when 12463 is divided by 3111.
19
What is the remainder when 878576 is divided by 24?
8
Calculate the remainder when 1008 is divided by 202.
200
Calculate the remainder when 2667 is divided by 776.
339
What is the remainder when 27949 is divided by 285?
19
Calculate the remainder when 14891 is divided by 487.
281
What is the remainder when 27133 is divided by 104?
93
What is the remainder when 19843 is divided by 20?
3
Calculate the remainder when 3946 is divided by 439.
434
Calculate the remainder when 3033 is divided by 506.
503
What is the remainder when 9541 is divided by 88?
37
Calculate the remainder when 50474 is divided by 124.
6
What is the remainder when 511 is divided by 45?
16
Calculate the remainder when 1695 is divided by 396.
111
Calculate the remainder when 4084 is divided by 803.
69
Calculate the remainder when 28344 is divided by 359.
342
What is the remainder when 92465 is divided by 92462?
3
Calculate the remainder when 1947 is divided by 515.
402
Calculate the remainder when 31560 is divided by 151.
1
Calculate the remainder when 33011 is divided by 613.
522
Calculate the remainder when 2394632 is divided by 1852.
1848
What is the remainder when 18765 is divided by 174?
147
What is the remainder when 3353 is divided by 3322?
31
Calculate the remainder when 22885 is divided by 2080.
5
Calculate the remainder when 185426 is divided by 21.
17
Calculate the remainder when 389018 is divided by 64834.
14
What is the remainder when 6393 is divided by 182?
23
Calculate the remainder when 3203 is divided by 1595.
13
What is the remainder when 211247 is divided by 27?
26
What is the remainder when 761 is divided by 325?
111
Calculate the remainder when 6021 is divided by 131.
126
What is the remainder when 4107 is divided by 2024?
59
What is the remainder when 56098 is divided by 102?
100
Calculate the remainder when 225720 is divided by 1123.
1120
Calculate the remainder when 1156 is divided by 60.
16
What is the remainder when 19391 is divided by 663?
164
What is the remainder when 37437 is divided by 180?
177
Calculate the remainder when 352033 is divided by 68.
65
Calculate the remainder when 61905 is divided by 15453.
93
Calculate the remainder when 4951418 is divided by 18.
14
What is the remainder when 3522 is divided by 586?
6
What is the remainder when 6631 is divided by 8?
7
What is the remainder when 2513 is divided by 346?
91
What is the remainder when 56798 is divided by 133?
7
Calculate the remainder when 1100131 is divided by 439.
436
Calculate the remainder when 14069 is divided by 515.
164
What is the remainder when 462333 is divided by 258?
255
What is the remainder when 9014 is divided by 91?
5
What is the remainder when 7302 is divided by 83?
81
Calculate the remainder when 5618 is divided by 2527.
564
What is the remainder when 4119 is divided by 3769?
350
What is the remainder when 3358 is divided by 1664?
30
What is the remainder when 19249 is divided by 133?
97
Calculate the remainder when 44527 is divided by 22262.
3
Calculate the remainder when 5126 is divided by 205.
1
Calculate the remainder when 5959 is divided by 89.
85
What is the remainder when 449 is divided by 111?
5
Calculate the remainder when 3411 is divided by 609.
366
What is the remainder when 38426 is divided by 158?
32
What is the remainder when 148485 is divided by 396?
381
What is the remainder when 34049 is divided by 2263?
104
Calculate the remainder when 31088 is divided by 6216.
8
What is the remainder when 99333 is divided by 254?
19
Calculate the remainder when 5314 is divided by 162.
130
What is the remainder when 704475 is divided by 